 3*p**2 - 10*p + 15. Let i be z(5). Suppose -5*g = -i + 20. Is (g + 98 - (-5 - -5)) + 0 a prime number?
True
Suppose -8*d + 2733964 = 84*d. Is d a prime number?
True
Let u(p) = -1038*p**2 - 7 + 3*p + 1091*p**2 + 0*p. Let n = -1 - -4. Is u(n) composite?
False
Let f = 53 - 48. Suppose f*x - 1902 - 4843 = 0. Let z = -651 + x. Is z a composite number?
True
Is (7 + 7 - 1) + 373138 prime?
True
Suppose 2249*v - 2246*v - 5*u = 2692466, -2692501 = -3*v - 2*u. Is v a composite number?
False
Let m(w) be the first derivative of -4*w**2 - 13 + 17*w**3 + 3 - 14*w + 7*w**2. Is m(5) composite?
False
Let w = 134773 + 177678. Is w a composite number?
False
Let f = 43843 + 74650. Is f a prime number?
True
Is 79231 - ((-36)/54 + (-26)/(-3)) prime?
False
Let i(x) = -22859*x**3 - 9*x**2 + 60*x + 175. Is i(-3) prime?
True
Suppose -3*n - 5*p = -2349, 701 = 4*n - 2*p - 2457. Let f = -3 + 7. Suppose -f*t + 2856 = n. Is t composite?
True
Suppose 107*g - 947690 = 7434703 + 4206264. Is g prime?
False
Let q(r) = -5*r + 23. Let f be q(4). Suppose -2*d = -f*d + 1259. Suppose -d = -4*g + 401. Is g composite?
True
Suppose 75*l = 8613 + 1962. Suppose 4*x - 94 = s, -100 - 171 = 4*s + 5*x. Let o = l + s. Is o a composite number?
False
Let f(w) = 167*w**3 + 6*w**2 - 123*w - 11. Is f(8) a composite number?
True
Let b be (-3)/15*0/5. Suppose -25*k + 23*k + 9722 = b. Is k a prime number?
True
Let o = -997 - 351. Let j = 453 - o. Is j composite?
False
Let v(w) = 43*w**2 + 2*w - 29. Let j = -43 - -47. Is v(j) prime?
False
Suppose -352*o + 307*o = -1447830. Is o a prime number?
False
Let m be 1*(7/(-56) + 119/(-8)). Let g(x) = 4*x**2 + 34*x + 29. Is g(m) composite?
False
Let p be (-2)/16 - 10/(-80). Suppose 23*b - 14*b - 20205 = p. Is b a composite number?
True
Let a(o) = -23*o**3 - 3*o**2 - 7*o - 8. Let g be a(-2). Suppose 2*x - g = 5*j + 5264, 0 = -3*x + 5*j + 8163. Is x composite?
True
Let d(j) = 98*j**2 - 215*j + 352. Is d(47) a prime number?
False
Let b(w) = 2025*w - 4138. Is b(17) a composite number?
True
Let b(r) be the third derivative of r**7/720 + 23*r**6/720 + r**5/10 - 4*r**2. Let c(z) be the third derivative of b(z). Is c(8) composite?
False
Let l(i) = 309*i**2 - 36*i + 66*i - 15 - 20*i. Is l(10) composite?
True
Suppose -5*v = -2*v + 5004. Suppose -3*p - 6973 = o + 265, 3*p = 3*o - 7242. Let w = v - p. Is w a prime number?
False
Let y be 435375/(-120) - 1/(-8). Let l = y + 8257. Is l composite?
True
Suppose 0 = -l - 16*i + 12*i + 561, 2*l - 1174 = 5*i. Let b = 1 + 0. Is l - (-3 + (0 - b)) a composite number?
True
Let v(c) = 428*c**2 + 797*c - 53. Is v(12) composite?
False
Let u = 42735 + -28628. Is u composite?
False
Suppose -242200 = -w + 2*k - 35067, -2*w + 414322 = 3*k. Is w composite?
True
Let f = -685 + 1337. Suppose 20*h - 44 + 4 = 0. Suppose -h*j + f = -2290. Is j a prime number?
True
Let p = -18302 + 31003. Suppose 3*j - 20*t + 17*t = 7599, 4*t - p = -5*j. Is j a prime number?
False
Suppose 1203 = -5*u - 41957. Let i = -5145 - u. Is i a composite number?
True
Let n(a) = -3*a**2 + 103*a + 14. Let z be n(33). Suppose 2*l - z - 294 = 3*w, 4*l = 2*w + 888. Is l a prime number?
True
Suppose 0 = -6*t + 16 + 32. Let p = -11 - -18. Suppose -p*b = -t*b + 797. Is b a prime number?
True
Suppose -5*p - 34408 = -2*h - 237875, 203466 = 5*p - h. Is p a composite number?
False
Suppose 4*a + 57 = -23. Let c be (1596/a)/((-4)/20). Suppose -9 = 6*n - c. Is n prime?
False
Is (8992250/30)/5 + 4/(-3) a composite number?
True
Suppose -20*m + 15*m + 5 = 0. Is 4 + -4 + m + 2332 a composite number?
False
Let p = -33 - -33. Suppose -15*f + 7*f = -8. Is 2164 + (f - p) + -4 composite?
False
Suppose 0 = -30*t + 1878357 + 10096233. Is t composite?
True
Let u(a) = -9*a - 8. Let h be u(-2). Let n be (-22)/55 - (-4)/h. Suppose v = 4*w + 995, -v + 0*v - w + 980 = n. Is v a prime number?
True
Suppose 1884957 = -24*u + 94*u - 1389433. Is u a composite number?
True
Let v(d) be the second derivative of -d**5/20 - 5*d**4/12 + d**3 - 11*d**2/2 - d. Suppose 32*o - 23*o = -81. Is v(o) a composite number?
True
Let u = 18640 - 7443. Is u composite?
False
Let u = -102 - -305. Let v(t) = -t**3 + 2*t - 12. Let n be v(0). Let i = u + n. Is i prime?
True
Let y = 4190 + 10083. Is y a prime number?
False
Suppose -28*j + 4 = -27*j, -4*l + 5*j + 112008 = 0. Is l prime?
False
Suppose 101*d + 18 = 95*d. Is 20925/15 - (-3 + d + 2) composite?
False
Is -6 - 4 - (-13849 + 10) composite?
False
Suppose -a + 104397 = 4*c, -208782 = 14*a - 16*a + 4*c. Is a prime?
True
Let v be -5 - (1 - -5)/(14/104083). Let c = v + 87601. Is c a composite number?
False
Let u(g) = -g**3 + 5*g**2 + 11*g + 5. Let r be u(-4). Let l = 1742 - r. Is l composite?
False
Suppose 2*o - 5054 = -186. Let y = 200 - 194. Is ((-2)/(-4))/(y/(6*o)) prime?
True
Let n(o) = 218*o**2 + 8*o + 17. Suppose b - 14 = 2*j, 0*j + 2*b + 14 = -3*j. Is n(j) prime?
True
Suppose -10*a + 10393 = 3443. Let p = a - 316. Is p + 3 - (-3 - -8) a composite number?
True
Suppose -5*v + 4*a = -9, -4*a + 15 = -v + a. Suppose 2*g - 2*u - 34 = 0, -65 = -v*g - 0*u + u. Suppose 2*h - 68 = -2*o, -h + g = -5*o - 28. Is h composite?
True
Let f(z) = 620*z + 123. Let k(q) = -10*q**2 + 113*q - 15. Let x be k(11). Is f(x) a prime number?
False
Suppose 4*m = 20, -16*r + 20*r = 5*m - 77. Is -1*-6*381 + r + 18 a composite number?
True
Suppose -14*b - 1049 = 103167. Let h = b + 10483. Is h prime?
False
Suppose 4*t + 7312773 = 87*t - 25772770. Is t a composite number?
False
Let f = 16642 + 16189. Is f a composite number?
False
Suppose -4*f + 31 = 127. Let r be (-1 + -1)/(112/(-6118) - 2/23). Is f + r - -2*759 a prime number?
False
Suppose 4201 = 3*x + 2*m, 2*m = 13*x - 14*x + 1399. Suppose -5*a + 4070 = -0*a. Let i = x - a. Is i a prime number?
True
Let z be 2*(-1)/(-4) + 1837/2. Suppose 924*v = z*v + 47935. Is v a composite number?
False
Suppose -21*i = -20*i + 8. Let p(t) = 5*t**3 + 3*t**2 - 5*t. Let q be p(i). Is ((-1)/((-2)/5))/((-12)/q) prime?
False
Let c(w) be the first derivative of -111*w**2/2 + 12*w - 11. Let n be c(-19). Suppose 0 = -4*a - 2*j + 3814, 2*a + 5*j = -226 + n. Is a composite?
True
Let j = -2408 + 38. Let x = j - -4948. Is x prime?
False
Let t(l) = -2*l - 14. Let z be t(-12). Let o = 5 + z. Let a = o + 128. Is a a composite number?
True
Suppose 0 = -5*d + 11 + 9, 0 = 2*h + 5*d - 34128. Let i = -1651 + h. Is i a prime number?
False
Let j(m) = 54*m - 66. Let a be j(12). Suppose -4*t = 2*x + t - 557, -2*t - 10 = 0. Let l = a - x. Is l composite?
True
Let z = 295 - 272. Is z + -18 - (-2439)/(3 + 0) a prime number?
False
Let d(s) = 73975*s**2 - 83*s - 13. Is d(-2) a composite number?
True
Suppose -4*w + 714423 = -n + 139990, 718033 = 5*w - 4*n. Is w a prime number?
True
Suppose -x - 102250 + 1440049 = -4*k, 6688920 = 5*x - 5*k. Is x a prime number?
True
Let o(l) be the third derivative of -11*l**6/10 + l**5/12 + 5*l**4/24 + 7*l**3/6 - 2*l**2 + 12*l. Is o(-3) composite?
True
Let j(q) = -156*q**3 - 22*q**2 - 75*q + 40. Is j(-9) a composite number?
False
Suppose 3*k = 7*k - 8. Suppose 0 = u + 2*y + k, 3*u + 22 - 1 = -y. Let l(x) = -x**3 - 4*x**2 + 2*x - 19. Is l(u) composite?
True
Suppose -r + 107395 = -27*w + 24*w, -2*r = 5*w - 214757. Is r a prime number?
False
Let s(g) = 35*g - 145. Let i be s(7). Is 333775/i + 3/(12*1) prime?
False
Let x(v) = -416*v**3 - 3*v**2 - 43*v + 6. Let p be x(-6). Suppose -28*a = -p - 12160. Is a prime?
False
Let o be (-3669)/2*60/(-45). Suppose -4*l - 25 = -3*y - 1, 4*y + 3*l = 7. Suppose 9869 = y*q - 3*d, q - 5*d + 0*d - o = 0. Is q a prime number?
False
Let s(z) = 9001*z**2 + 14*z - 12. Let y be s(1). Let o be 1483*((-1)/2)/((-7)/56). Let p = y - o. Is p prime?
False
Suppose 23*j - 6*j - 34 = 0. Suppose -7*o - w = -2*o - 2761, 4*o - 2196 = -4*w. Suppose -4*h = -3*b + o + 436, 3*b + j*h - 995 = 0. Is b a prime number?
True
Suppose -205 = -10*k - 13635. Let n(c) = 43*c**2 - 4*c + 9. Let v be n(7). Let o = k + v. Is o a composite number?
True
Suppose -3*y + 8821 = -4823. Suppose 0 = 11*a - 12*a + y. Suppose 2*t + a = 14*t. Is t prime?
True
Let g(l) = l - 15. Let i be g(6). Let f be (-1)/(i/24)*-396. Let j = 1945 + f. Is j a composite number?
True
Is (9/(-6))/(60/(-24334040)) a prime number?
False
Let u(m) = 7*m**3 - 4*m**2 + 2*m + 1. Let d be u(1). Let g(c) 